 = z + b. What are the prime factors of i?
3, 7
Let k = 7 + 1. Let c be (-1*14/k)/(17/68). Let m(b) = 3*b**2 + 8*b. What are the prime factors of m(c)?
7, 13
Let a = 150 + -1132. Let j = -642 - a. What are the prime factors of j?
2, 5, 17
Let i = 46417 - 7164. What are the prime factors of i?
17, 2309
Suppose 39*q = 41*q - 8. Suppose 1326 = 5*g - x, q*x + 95 = -3*g + 909. What are the prime factors of g?
2, 7, 19
Let d = 38191 - 18102. List the prime factors of d.
20089
Suppose -9*p + 43 + 47 = 0. Suppose -p*f + 4*f = -7*f. Suppose f = -17*a + a + 2448. List the prime factors of a.
3, 17
Let t(b) be the third derivative of b**3 + 0 + 1/15*b**5 + 0*b - 19*b**2 + 1/6*b**4. List the prime factors of t(-3).
2, 3, 5
What are the prime factors of ((-2)/(-4))/(109/5724462)?
3, 8753
Let y(t) = -98*t + 23. Let k(s) = 2*s + 6. Let i be k(-5). Let d(l) = 97*l - 24. Let j(c) = i*d(c) - 5*y(c). List the prime factors of j(3).
7, 41
Suppose 0 = 11*n + 4543 + 5467. Let v = -497 - n. What are the prime factors of v?
7, 59
Let u be (-91)/((-1)/4 + 20/48). Let f = 909 + u. Let n = 549 - f. List the prime factors of n.
2, 3, 31
Let d = -64 + 64. Suppose 5*p + 70 - 505 = d. Suppose 0 = 4*b - 253 - p. List the prime factors of b.
5, 17
Suppose 0 = c - 4*c + 6. Suppose 551*o - 806 = 538*o. Suppose -3*r - l + 574 = -o, 636 = 3*r - c*l. What are the prime factors of r?
2, 53
Let s(m) be the third derivative of 0 + 1/30*m**5 + 1/3*m**3 - 5*m**2 - 1/6*m**4 + 0*m. List the prime factors of s(-7).
2
Let w(k) = -7*k + 15. Suppose 5*u - 2*m - 16 - 3 = 0, -4*u + m + 17 = 0. Let r be w(u). Let l = r + 70. What are the prime factors of l?
2, 5
Suppose 0*c - c + 4*h + 694 = 0, -c + 686 = 4*h. Suppose 0 = 8*p - 2*p - c. Let a = p + -12. List the prime factors of a.
103
Let o(a) = a**2 - 14*a - 7. Let d be (3/(105/(-40)))/((-2)/7). Let u be 152/10 + d/(-20). List the prime factors of o(u).
2
Let s be 30 - (-1)/2*(5 - 5). What are the prime factors of (s/36)/(6/3852)?
5, 107
Let u be 28/126 + 14126/18 + -1. Suppose -4794 = -5*k - u. What are the prime factors of k?
2, 401
Let x = 5973 + 2540. What are the prime factors of x?
8513
Let s(y) = -73*y**2 + 4*y. Let x be s(1). Let w = 183 - x. What are the prime factors of w?
2, 3, 7
Suppose -13726 = -o + 4*k, 0 = -5*o + 44*k - 42*k + 68738. What are the prime factors of o?
2, 5, 11
Suppose g = 4*n + 3680, g - 2759 = -7*n + 10*n. Let l be (0 - -1)*(-9 + 7). List the prime factors of l/5 - (-6 - n/(-15)).
67
Suppose 0 = -15*n + 6*n + 8415. Suppose -2583 = -4*j - n. List the prime factors of j.
2, 103
Let a be (-2)/(36/(-50)) - 4/(-18). Let x(u) = 13 + u**a + 8*u**2 + 23*u - 16*u + 5. List the prime factors of x(-6).
2, 3
Let o = -15 - 103. Let i = 196 + o. Suppose y + 5*y = i. What are the prime factors of y?
13
Let x(l) = l**3 - 20*l**2 - 28*l + 93. Let w be x(17). What are the prime factors of (w/35 + 2)/(2/(-7))?
2, 59
Let w(v) = 64*v - 22. Let y(d) = d + 2. Let f(x) = -w(x) + 2*y(x). What are the prime factors of f(-8)?
2, 3, 29
Let c be 1/3*(23 + 25). Suppose -124 = -c*h + 6084. What are the prime factors of h?
2, 97
Suppose -23*i + 202293 + 481035 = 25*i. List the prime factors of i.
2, 3559
Let k(y) = -521*y - 2967. What are the prime factors of k(-11)?
2, 691
Let o be (-4)/(-6) + 11/(-3). Suppose 0*n - 99 = -f - 4*n, 5*f - 2*n - 385 = 0. What are the prime factors of 0 + (f - (o + 8))?
2, 37
Let s = -19 - -21. Suppose -s*c = 2*c + 20, 2*d + 5*c = -21. Suppose 3*n + d*m = 38, 0*n - 5*n = m - 75. What are the prime factors of n?
2
Suppose 0 = 3*y - 5*f + 6 + 3, f + 1 = 2*y. List the prime factors of y/(-2) - (-8 - 891).
2, 449
Let d = -308 + 680. Let n = d - 26. What are the prime factors of n?
2, 173
Let y = 11526 - -1558. List the prime factors of y.
2, 3271
Let c = 33 + -31. Suppose 4*p + 3 + 9 = 0, c*j - 5*p = 503. Suppose 0 = -11*f + 15*f - j. What are the prime factors of f?
61
Suppose 694 = -2*o + 706. Suppose -6*q + 384 = o*q. List the prime factors of q.
2
Suppose -b - 5*y - 41 = -916, 3*b = y + 2657. Let x = -582 + b. Let g = -175 + x. List the prime factors of g.
2
Suppose -17*b = -31887 + 6761. Let s = b - 648. List the prime factors of s.
2, 5, 83
Suppose 2*t + 4*l = 55002, -3*t + 2*l + 95695 = 13128. List the prime factors of t.
7, 3931
Let i = -104 - -385. Suppose -19 = -4*o + i. Suppose -v - 3*l + o = 0, 10 + 5 = 3*l. What are the prime factors of v?
2, 3, 5
What are the prime factors of (382/5)/(4*7/19670)?
191, 281
Let z = -55 - -240. Suppose 2*p = -4*j + 242, -p = -j + 47 - 174. Let w = z - p. What are the prime factors of w?
2, 3, 5
Suppose 9500 = 6*m - m + r, 0 = -m - r + 1900. Suppose -m = -11*v + v. Suppose 2*s - 5*z - v = 0, 4*z - 3*z = -3*s + 251. List the prime factors of s.
5, 17
Let z = -4563 + 12974. What are the prime factors of z?
13, 647
Let o = -457 - -464. Suppose 1806 = -o*m + 6853. What are the prime factors of m?
7, 103
Let g = -15135 - -21563. What are the prime factors of g?
2, 1607
Suppose -9*w - 28*w = -12876. Suppose -t + 2*g = -507, -t - 4*g + 165 = -w. List the prime factors of t.
509
Let c = 4765 - -12281. What are the prime factors of c?
2, 3, 947
Let k = 215 + -142. Suppose -5*h - k = 5*r - 2*h, -3*r - h = 43. Let v = r - -39. What are the prime factors of v?
5
Let t be 4/6*69/(-46). List the prime factors of (-1 + t + 4)/(12/2742).
457
Let n(q) = 13*q. Let z be n(1). Let p = -238 + 242. Suppose h = j + 5, 0 = p*j - z + 5. What are the prime factors of h?
7
Let o = 112 + -72. Let y = 44 - o. Suppose y*r + 110 = 5*r. List the prime factors of r.
2, 5, 11
Let u = -82 - 34. Suppose k = 2*k - 190. Let w = k + u. What are the prime factors of w?
2, 37
What are the prime factors of -3 - (14 - (3798 + 12))?
3793
Suppose 18*l + 4*l - 153560 = 0. Suppose -12*n - 1436 + l = 0. What are the prime factors of n?
2, 3, 7, 11
Suppose 40 = 11*u - 21*u. What are the prime factors of (13/u)/(-13) - (-10749)/12?
2, 7
Suppose 0 = -5*h + 11*p - 13*p + 37452, 14992 = 2*h - 2*p. What are the prime factors of h?
2, 1873
Let c = 13497 + 5865. What are the prime factors of c?
2, 3, 7, 461
Let u(l) = l**3 - 2*l**2 - 5. Let b be u(3). Suppose 0 = -3*v + p - 17 + 6, b*v + 5*p - 17 = 0. What are the prime factors of -4 + (-62)/v - 2?
5
Let g(y) = -y**2 + 5. Suppose 0 = -5*f - 16 + 6. Let r be g(f). What are the prime factors of (r - -31)*(7 - (-1 + 7))?
2
Let k(z) = 1931*z**2 - 88*z - 281. List the prime factors of k(-4).
173, 179
List the prime factors of 75849/18 + (-9)/(-54).
2, 7, 43
Let f be (-150)/(-4)*(-1584)/110. List the prime factors of (-560)/15*f/42.
2, 3, 5
Let y be ((-40)/60)/(1/(-33)). Suppose 2578 - 862 = y*m. List the prime factors of m.
2, 3, 13
Let i = -24044 + 28595. What are the prime factors of i?
3, 37, 41
What are the prime factors of 332/(-33) - -10 - 4195360/(-66)?
2, 37, 859
Let p be 19/(-76) + (-422)/8. Let i = p - -124. List the prime factors of i.
71
Suppose 0 = 2*t - 5*l + 8, -4*t + 4*l - 3 = -11. What are the prime factors of ((-1860)/(-14))/(t - (-164)/(-28))?
2, 3, 5, 31
Let i(p) = -6*p - 35. Let o be i(-6). Let d be (-5)/(10/(-482)) - o. Suppose -3*u + d = 72. What are the prime factors of u?
2, 7
Let b(d) = 113*d**2 + 21*d - 140. Let g be b(5). Suppose 0 = 24*f - 18*f - g. List the prime factors of f.
3, 5, 31
Let b = 34057 + -24316. List the prime factors of b.
3, 17, 191
Let y be 44/10 - 8/20. Suppose -x - 393 = -y*b, 3*b = -b - 2*x + 402. Suppose -3*n - 5*w - b = -4*n, 3*w - 207 = -3*n. List the prime factors of n.
2, 37
Let y = 49 + -33. List the prime factors of y/(-32) + ((-2370)/(-4))/3.
197
Let o = -582 + 587. Suppose 178 + 274 = 3*r + 5*q, o*r - 776 = 3*q. What are the prime factors of r?
2, 7, 11
Let y be -34 + ((-2)/(-6))/((-5)/(-45)). Let c = -9 + y. List the prime factors of (0 + -295)*8/c.
59
Let a(x) = 187*x**3 - 43*x**2 + 164*x + 24. List the prime factors of a(6).
2, 3, 41
Suppose -1 = -4*d + 11. Suppose -n - 60 = d*n. Let u(c) = -c**2 - 20*c + 15. List the prime factors of u(n).
2, 3, 5
Suppose 12 = 4*w - 20. Let n be (-30)/(-3)*w/16. Suppose n*o - 3510 = -10*o. List the prime factors of o.
2, 3, 13
Let d(x) = -1 - 1 + x + 2*x + 8*x**2 + 4. Let u(n) = n**2 - 5*n + 4. Let i be u(3). What are the prime factors of d(i)?
2, 7
Let y = 299 + -297. What are the p